is the units digit of (2/(-9) - (-4800)/(-108))*u?
4
Suppose 3*u - 5*i = -112, 4*u - 3*u - 5*i = -54. Let l = 12 - u. What is the units digit of l?
1
Let c(i) = 2*i**2 + 10*i - 4. Let u be c(-5). Let p(f) = -22*f + 36. What is the tens digit of p(u)?
2
Let t(k) = -9*k - 18. Suppose 0 = 5*n + 170 - 70. Let z be 1/4 - (-165)/n. What is the units digit of t(z)?
4
Let l = 1448 + -938. What is the units digit of l?
0
Let d(h) = 15*h - 7*h - 4*h - 33 - 2. What is the tens digit of d(19)?
4
Let b = -132 - -68. Let k = 112 + b. What is the tens digit of k?
4
Suppose 4*x + 2*o = 682, 4*x - 5*x - 4*o = -160. Let t = -28 + x. Suppose -7*g = -3*g - t. What is the tens digit of g?
3
Suppose 0 = 5*w + 5*o + 15, -3*o + 27 + 4 = -2*w. What is the units digit of 79/3*(-5 - w)*1?
9
Let t = -42 + -30. Let p = t + 144. What is the tens digit of p?
7
Let h = 20 - 17. Let b(l) = 2*l + 4*l**2 - 10*l**2 - l**h - 3 - 4 + 3. What is the tens digit of b(-7)?
3
Let u = -27 + 54. Let w = 82 - u. What is the tens digit of w?
5
Let q be 0*1*(-2)/4. Suppose q = n + 2*n + 15. Let w = 40 + n. What is the tens digit of w?
3
Let i be -888 - -4*3/(-4). What is the hundreds digit of i/(-6) - (-30)/20?
1
Suppose 2 = -3*k - 7. Let g = k + 64. Let a = g - 29. What is the units digit of a?
2
Let x(f) = 2*f**2 - 4*f + 1. Let j be x(-3). Suppose -5 - j = 3*m. What is the tens digit of (-3)/m*4 - -44?
4
Suppose 2*t - 10 = -3*t. Let g be t/3 + 542/6. Suppose -g = -3*l - 10. What is the tens digit of l?
2
Let n(g) = -15*g. Let x be n(1). Let f = 200 - 221. Let y = x - f. What is the units digit of y?
6
Let a(k) = -14*k - 20. Suppose 4*d - d = -g + 2, -2*g - 18 = -5*d. What is the tens digit of a(g)?
3
Let z = 102 - -64. Suppose -2*o = -3*a - 3*o + 465, -a - 4*o + z = 0. What is the units digit of a?
4
Let x be 5/30*3*0. Suppose o - 46 = -x*o. What is the units digit of o?
6
Suppose 2*p = -2*a + 386, 0 = -4*p + 3 + 9. What is the hundreds digit of a?
1
Let w(h) be the third derivative of -7*h**4/24 - h**3/6 - 4*h**2. What is the tens digit of w(-5)?
3
Suppose 6*b = 2*b - 16. Let y = b + 1. Let r = y + 39. What is the units digit of r?
6
Suppose 20355 = -0*h + 23*h. What is the tens digit of h?
8
Let h(k) = -k**3 + 13*k**2 - 17*k + 7. What is the units digit of h(11)?
2
Let o = 3 - 0. Let n(y) = -4 - o*y + 5*y - y - 4*y. What is the units digit of n(-3)?
5
Let i(l) = 9*l**2 - 436*l + 41. What is the tens digit of i(53)?
1
Let o be (3/(-3) + 4)*100/3. Suppose 3*l + l = 3*q + 212, o = 2*l - 3*q. What is the units digit of l?
6
Suppose -12*u + 19*u - 3437 = 0. What is the hundreds digit of u?
4
Let x(g) = -2*g - 17*g**2 + 4 - g**3 - 3*g + 6*g**2 - 6*g. Let p be x(-8). What is the units digit of 1*(-1)/(4/p)?
5
Let t = -94 + -353. Let v = -312 - t. What is the units digit of v?
5
Let m be (-5)/(40/6)*-4. What is the units digit of m - (5 - 4 - 1)?
3
Let y be (-676)/(-16) + (-1)/4. Let s be 6*y/(-9) - 2. What is the tens digit of (-1 + 5)/((-5)/s)?
2
Let c = -13 - -8. Let t(h) = 3*h**2 + 3*h - 11*h - 4*h**2. What is the tens digit of t(c)?
1
Suppose -135 = -20*x + 65. What is the tens digit of x?
1
Let l(k) = -20*k - 43. Let g be l(-21). Suppose 33 + g = 10*b. What is the tens digit of b?
4
Let q(a) = -a**2 - 44*a - 84. What is the tens digit of q(-20)?
9
Suppose 3*s - 4*y = 4513, -21*y = -17*y + 4. What is the units digit of s?
3
Suppose -5915 + 335 = -18*q. What is the hundreds digit of q?
3
Let n(b) be the first derivative of -b**3/3 + 9*b**2/2 - 6*b - 2. What is the tens digit of n(5)?
1
Let h be (-40)/(-15) - 2/(-6). Suppose h*y = 63 - 27. What is the units digit of ((-1)/(-2))/(6/y)?
1
Let l(f) = f - 23*f**2 + 4 + 10*f**2 + 3*f + 15*f**2. What is the tens digit of l(-3)?
1
Let l = -837 - -1189. What is the hundreds digit of l?
3
Suppose -5*y - b + 11 = 0, 4*y + 0*b - 9 = -b. Suppose 6*c - 472 = -y*c. What is the units digit of c?
9
What is the tens digit of 2269/2 - 560/(-224)?
3
Let s(j) = 2*j - 12*j + 14 + j. What is the tens digit of s(-8)?
8
Let v = -114 - -3876. What is the units digit of v?
2
Let c(q) = q + 1. Let v(z) be the first derivative of -z**4/4 - 5*z**3/3 - 5*z**2/2 - 3*z - 8. Let g be v(-4). What is the units digit of c(g)?
2
Let y be 1*(-3)/((-3)/(-10)). What is the tens digit of -2 + 490/25 + 6/y?
1
Suppose 5*t + 3*t = -0*t. Let a(b) = -3*b + 11. What is the tens digit of a(t)?
1
Suppose -3*q + 12883 = -5*j, -6*q - 2*j + 12869 = -3*q. What is the tens digit of q?
9
Suppose 5*x - 75 = -5*o + 2180, 0 = x + 3*o - 455. What is the units digit of x?
9
Let i = 61 - 11. Let r = 109 + i. What is the tens digit of r?
5
Suppose 3*k = -r + 4*r + 1410, 2*r - 1385 = -3*k. What is the units digit of k?
5
What is the units digit of (-32)/56 + 8576/14?
2
What is the hundreds digit of 924 + (2/10)/(6/90)?
9
Let m be 2 + (-3 - (1 - -1)). What is the tens digit of m/9*(-117 + 6)?
3
Suppose 23*r + 2*v - 4826 = 19*r, 0 = 4*r - v - 4817. What is the thousands digit of r?
1
Suppose 33688 = 41*z - 12027. What is the tens digit of z?
1
Suppose -104 = h - 3*n, -159 = 3*h + n + 173. Let t = 230 + h. What is the hundreds digit of t?
1
Let v = -41 + 43. What is the units digit of 2/(v*1/(-2)) - -45?
3
Let b(f) = f**3 + 6*f**2 - 6*f - 4. Let s be b(-7). Let x = -6 - s. Suppose -72 = -4*p + 3*h, -x*h + 33 = 2*p - 29. What is the units digit of p?
1
What is the tens digit of (-3)/12 - (-21)/24*862?
5
Let y(l) be the third derivative of l**6/360 + l**5/20 + l**4/24 - 3*l**2. Let z(p) be the second derivative of y(p). What is the units digit of z(7)?
0
Let m(z) = z**3 - 9*z**2 + 3. Let d be m(9). Suppose l + l + 36 = 0. What is the units digit of (-2)/d - 390/l?
1
Let z = -15 - -17. Suppose 5*y + w = 189, -3*w = z*y - 6 - 80. What is the units digit of y?
7
Suppose -26 + 68 = -2*u. Let x be (-6)/9 + (-14)/u. What is the units digit of x - -9 - (-1 + 0)?
0
Let o = -85 - -349. What is the tens digit of o?
6
Suppose -4*p + 0*f + 2046 = -2*f, 4*f = -3*p + 1518. What is the tens digit of p?
1
Suppose -5*y - 6 - 22 = -3*f, -4*f = -2*y. Let p = y - -5. What is the units digit of 255/12 + p/(-4)?
2
Suppose 13*o = 8*o - 4*y + 2756, -o + y + 553 = 0. What is the tens digit of o?
5
Suppose q = 5*t - 366 - 527, -190 = -t + 4*q. Suppose 0 = 3*c + 3, -3*y + 3*c = -c - t. What is the tens digit of y?
5
Let k(i) = -i**3 + 26*i**2 - 24*i - 8. Let y be k(25). Suppose 0*p + 2*p = 0. Suppose -y = -3*m - 5*q - 0*q, p = 4*m + 5*q - 26. What is the units digit of m?
9
Let a(q) be the first derivative of q**3/3 - 11*q**2/2 - 8*q - 6. Let u be a(12). What is the units digit of 5 - ((u - 8) + 5)?
4
Let a = 23 - 21. Let i(q) = 38*q - 5. What is the tens digit of i(a)?
7
Suppose c + d - 3*d = 58, -12 = -4*d. Let p be 2/(0 + -2) + 3. Suppose p*x - c = 2*g, x - 9 = 3*g + 13. What is the units digit of x?
7
Suppose 4*z + 4*u - 1067 = 5793, 0 = 4*u - 12. What is the hundreds digit of z?
7
Let t(p) = -3 + 3*p - 6*p**2 + p + 5*p**2 - 11*p. Let x be t(-7). What is the units digit of -2 - (x + (-6)/2)?
4
Let s(z) be the first derivative of -3*z**2 + 17*z - 2. What is the units digit of s(-8)?
5
Let m = -33 - -35. Suppose 7*k - m*k - 15 = 0, -5*r + 341 = 2*k. What is the tens digit of r?
6
Let h = -32 - -651. What is the tens digit of h?
1
Let r = 10 + -7. Suppose -1 = -r*s + 11. Suppose 2*m = x + 65, 4 + 96 = s*m + 4*x. What is the tens digit of m?
3
Let j(p) be the second derivative of -p**4/6 + 25*p**3/6 - 2*p**2 - 6*p. Suppose -52 = m - 62. What is the tens digit of j(m)?
4
Let b(t) = 37*t**2 - 28*t + 16. What is the thousands digit of b(-6)?
1
Suppose -2*f - 2*w + 5620 = 0, 0 = 4*f + 2*w - 85 - 11151. What is the tens digit of f?
0
Let r be (-15 - -17) + (0 - -1). What is the tens digit of ((-138)/9 - r)*-3?
5
Suppose -s + 5*s - 724 = 0. Suppose -3*b + 132 = 3*n, 6*b - b = -4*n + s. What is the tens digit of n*5/(-45)*-3?
1
Let s be ((-1)/3)/((-2)/(-78)). Let i = 17 + s. What is the units digit of i?
4
Let j(o) = 135*o**3 + o**2 + o - 3. What is the tens digit of j(2)?
8
Let o(w) = w**3 + w**2 + 2. What is the tens digit of o(5)?
5
Let i(b) = 2279*b**3 - 15*b**2 + 14*b + 2. What is the thousands digit of i(1)?
2
Let p be 3/(3 + 3)*4. What is the units digit of 126/4*p/1?
3
Suppose 0 = -2*y - 6 - 2, 4*y = -4*w + 404. Suppose -4*z = 5